 159 + 49. What is the greatest common factor of r and k?
10
Suppose 2*h - 9 = -0*h + 3*d, 0 = 2*h + d - 5. Suppose 69 = 6*o - h*o. Calculate the highest common factor of 184 and o.
23
Suppose -2*p = -q + 14, 2*q = -p + 3*p + 18. Let k = 8 - q. Suppose 2*z + 10 = m + 2, -k*m + 52 = -4*z. Calculate the greatest common factor of 180 and m.
18
Let x(y) = y**2 + 4*y + 7. Let n be x(-3). Let s be (-73)/(-2) + n/(-8). Suppose 5*g - 27 = 2*g. Calculate the greatest common divisor of s and g.
9
Suppose -2876 = -5*i + 16*f - 17*f, 5*i = 4*f + 2871. What is the greatest common factor of i and 50?
25
Let n(w) = w**3 + 15*w**2 + 13*w - 6. Let g be n(-14). Calculate the highest common factor of g and 104.
8
Suppose -4*b + 66 = 5*j, -3*b + 11 = 2*j - 28. Let i(f) = 7*f + 6. Let x be i(5). Let z = x - -31. Calculate the greatest common factor of z and b.
9
Suppose -2*z = -0*z - 12. Let o = -43 - -85. What is the greatest common divisor of o and z?
6
Let t(g) = 11*g - 43 - 5*g**2 + 6*g**2 + 2*g. Let m be t(8). What is the highest common divisor of m and 25?
25
Let x = -360 - -759. Let n = 561 - x. What is the greatest common factor of n and 18?
18
Let i = 0 + 2. Suppose -3*d + 23 = -i*d. What is the highest common divisor of d and 253?
23
Suppose 4*y + 3*w = -5, -2*y - 2*w = -7*y + 11. Let p(c) = -2*c + 2. Let z be p(5). Let f be -4*y*10/z. Calculate the highest common divisor of f and 5.
5
Let p be -36 - -60 - (-2 - 6). What is the greatest common factor of p and 736?
32
Let y(d) = -2*d**3 - d**2 - 2*d - 2. Let a be y(-3). Suppose 2*s + 14 = 4*s. What is the highest common divisor of a and s?
7
Let y = -161 + 167. Let v = -11 - -26. What is the greatest common divisor of y and v?
3
Let j = 452 - -520. Let g be 4/((-9)/(j/(-8))). Calculate the highest common factor of 18 and g.
18
Let f = -7 + -16. Let a = -11 - f. Calculate the greatest common divisor of 192 and a.
12
Let n be 1 + -6 - 1 - -80. Calculate the greatest common divisor of 185 and n.
37
Let z(s) = 75*s**2 - 522*s - 1. Let q be z(7). Let f = -14 + 24. Calculate the greatest common divisor of q and f.
10
Let v(o) = -o - 19. Let z be v(-10). Let u be (-159)/(-9) + 15/z + 2. What is the highest common factor of u and 18?
18
Let t(y) = 2*y + 32. Let s be t(0). Let i be ((-96)/(-18))/(-8) + (-242)/(-3). Calculate the highest common factor of i and s.
16
Let b(t) = -t**3 + 7*t**2 - 5*t. Let k be b(5). Let v = -145 - -420. What is the highest common divisor of v and k?
25
Let y(u) = u**2 - 11*u + 12. Let b be y(13). Suppose 0*n - 4*w + 43 = 3*n, 0 = 2*n + 5*w - b. What is the highest common divisor of n and 1?
1
Suppose 736 = 16*d + 7*d. Let z = 23 + -16. Suppose -z = -c + 9. What is the greatest common factor of c and d?
16
Let b be (7 - 12) + (2 - 0). Let q be -8*b/((-60)/(-25)). Calculate the greatest common factor of q and 20.
10
Suppose -43*x - 80 = -45*x. What is the greatest common divisor of x and 8?
8
Let a(w) = w - 2. Let b(r) = -7*r + 54. Let j(s) = 22*a(s) + 2*b(s). Let z be j(-6). What is the greatest common divisor of z and 8?
8
Suppose 2*x + 2*k = -0*x + 1362, -k = 5*x - 3397. Calculate the greatest common factor of x and 291.
97
Let g(t) = 1 + 2*t - 7*t - 2. Let r(o) = -o**3 + 12*o**2 - 33*o - 15. Let u be r(7). Let m be g(u). What is the greatest common divisor of 12 and m?
4
Suppose 216 = h + 2*h. Suppose -5*k + 81 = -v, 0*k + 4*k + v = h. What is the highest common divisor of k and 136?
17
Suppose -3*k - 25 + 1 = 3*i, -2*i - 4 = -4*k. Let g = 4 - i. What is the greatest common factor of 60 and g?
10
Suppose 14*g - 22 = 13*g. What is the greatest common factor of g and 297?
11
Suppose 5*d + 0*x + 21 = -3*x, -2*d = -3*x. Let j be (-12)/d*34/8. Suppose p - 33 = j. What is the greatest common factor of 10 and p?
10
Let u(g) = -2*g**2 - 10*g + 182. Let k be u(7). Calculate the greatest common divisor of 4718 and k.
14
Let v(k) = 99*k - 125. Let a be v(15). Calculate the greatest common divisor of a and 80.
80
Let r(s) = s**2 + 7*s + 3. Let b be r(-7). Suppose -b*p - 365 = -8*p. Let v = 137 - p. Calculate the highest common divisor of v and 8.
8
Let x = 21 + 2. Let g(m) = m**3 + 12*m**2 + 13*m + 16. Let v be g(-11). Let y be (-411)/v + (-4)/(-8). Calculate the greatest common factor of x and y.
23
Suppose 27*b + 418 = 29*b. Suppose -5*z = 10, h = -4*h - 3*z + b. What is the greatest common divisor of h and 43?
43
Suppose 7*h - 21 = 4*h - 2*r, r = -4*h + 23. Calculate the highest common factor of h and 360.
5
Suppose -267*m + 226*m + 2911 = 0. What is the highest common divisor of 426 and m?
71
Let r = 1636 + -1600. Calculate the greatest common divisor of r and 99.
9
Let g be ((-195)/(-40) - 5) + 338/16. Let x(w) = 2*w**2 + 3. Let j be x(3). What is the greatest common factor of g and j?
21
Let d = 18 + -11. Let w = 21 + d. What is the greatest common factor of w and 7?
7
Let l be (-51*5)/(-3) + -7. Suppose y = -3*b + 156, 0 = -6*b + 2*b - 3*y + 208. Calculate the greatest common factor of b and l.
26
Let k be 670/14 + -2 - (-40)/280. Calculate the greatest common factor of 253 and k.
23
Let w(x) = x**2 + 32*x + 197. Let f be w(-33). Calculate the highest common factor of 46 and f.
46
Suppose 0 = 5*m - 2*r - 18 - 66, -4*m + 74 = -5*r. Let f = 41 - m. Let t be 55/2*30/f. What is the greatest common divisor of t and 11?
11
Suppose -4*p + 88 = -52. Let a = p + -26. What is the greatest common divisor of 54 and a?
9
Let l = 11 + -8. Let v(t) = -t**3 + 2*t**2 + 2*t - 4. Let z be v(l). Let s be 21/z - (-42)/1. What is the highest common divisor of s and 13?
13
Let c be 78/1 - 30/(-10). What is the greatest common factor of c and 405?
81
Let g be ((-630)/(-49))/((-1)/(-7)). Let y be (-11)/(-33) + 159/9. What is the greatest common factor of g and y?
18
Let c be (-15)/(-4) + 2/8. Let w be (-1 - c/(-2)) + 151. Suppose 5*y = 3*f - 77, 6*f - 4*y - 54 = 4*f. Calculate the highest common divisor of w and f.
19
Suppose -188 = 4*g + 72. Let d = -41 - g. Let s = 19 - 13. What is the highest common factor of s and d?
6
Let x be -8*(-34)/16 - 2*2. Let q(i) = 7*i + 2 + 4*i - i**2 + 15*i. Let m be q(x). Calculate the highest common factor of 19 and m.
19
Let q(w) = 7*w + 2. Let u = 103 + -99. Let k be q(u). Calculate the highest common divisor of k and 330.
30
Suppose 335*u = 346*u - 99. What is the highest common divisor of u and 423?
9
Let j(r) be the third derivative of -r**4/12 + 10*r**3/3 + 4*r**2. Let p be j(-2). What is the highest common factor of 60 and p?
12
Suppose 4*w = -3*s + 252, 2*s + 4*w = 24 + 144. Let c(i) = 0*i - 9*i + 10*i + 12. Let v be c(16). What is the highest common divisor of s and v?
28
Suppose -40*l + 156 = -35*l - 4*r, 8 = l + 5*r. What is the highest common divisor of 189 and l?
7
Suppose 3*k + 3 = f, -2*f + k + k + 14 = 0. Calculate the greatest common factor of 18 and f.
9
Let y(b) = b**3 - b + 1. Let z be y(3). Let n = -21 + z. Let x = -2 + 6. What is the greatest common factor of x and n?
4
Suppose 560 = -297*n + 317*n. Calculate the greatest common factor of n and 52.
4
Let a be (5 - (-84)/(-18))/(4/240). What is the highest common factor of a and 45?
5
Suppose -6*d + 5*d - 4*i = -3, -5*d + 4*i + 15 = 0. Calculate the highest common divisor of d and 213.
3
Let a be (-1)/2*678/(-1). Suppose -7*o = -a + 45. What is the highest common factor of 14 and o?
14
Suppose -5*n = 4*p + 16 - 60, 3*n = -p + 32. What is the greatest common divisor of 732 and n?
12
Let y = 80 - 46. Let u = 162 - 124. Let h = u - y. Calculate the greatest common divisor of h and 1.
1
Suppose 20*o + 704 = 22*o. Suppose -6*v = -8*v + o. Calculate the highest common divisor of 16 and v.
16
Let o be (-28)/(-21) + -3886*(-8)/48. Calculate the greatest common factor of 11 and o.
11
Let t(z) be the first derivative of z**3 - 2*z**2 - 6*z + 25. Let d be t(-7). Calculate the highest common factor of 13 and d.
13
Let p(a) = a**3 - 4*a**2 - 7. Let j be (-1 + 3/12)*-8. Let o be j/(-27) - 94/(-18). Let k be p(o). What is the greatest common factor of k and 162?
18
Let f(p) = p - 16. Let w be f(35). What is the greatest common factor of 95 and w?
19
Suppose c - 3*c = f - 501, -3*f + c + 1538 = 0. Suppose -3*j = 6, -4*w + j + f = -139. Calculate the highest common divisor of 18 and w.
18
Suppose -3*v + 13 = 40. Suppose